the remainder when 1068205 is divided by 1216?
557
Calculate the remainder when 24229 is divided by 24043.
186
What is the remainder when 191585 is divided by 3307?
3086
What is the remainder when 126518 is divided by 17832?
1694
What is the remainder when 193728 is divided by 132?
84
What is the remainder when 19279131 is divided by 98867?
66
What is the remainder when 290268 is divided by 552?
468
Calculate the remainder when 22170 is divided by 3580.
690
Calculate the remainder when 2784542 is divided by 696127.
34
What is the remainder when 11308034 is divided by 20?
14
What is the remainder when 1879553 is divided by 1465?
1423
Calculate the remainder when 280401827 is divided by 4285.
4282
What is the remainder when 5307112 is divided by 1365?
1357
What is the remainder when 11333856 is divided by 43?
2
Calculate the remainder when 20130553 is divided by 3355058.
205
Calculate the remainder when 333200 is divided by 1252.
168
What is the remainder when 794797 is divided by 2013?
1675
What is the remainder when 3091682 is divided by 39613?
1868
Calculate the remainder when 832086 is divided by 14103.
9
What is the remainder when 1953840 is divided by 2840?
2760
What is the remainder when 15532 is divided by 15323?
209
Calculate the remainder when 6016913 is divided by 28.
21
What is the remainder when 1362065 is divided by 975?
965
What is the remainder when 611608 is divided by 92?
84
Calculate the remainder when 2197155 is divided by 176.
147
What is the remainder when 10279530 is divided by 3426507?
9
What is the remainder when 21089515 is divided by 42?
13
What is the remainder when 22085926 is divided by 1894?
1886
What is the remainder when 15385900 is divided by 157?
57
Calculate the remainder when 8082 is divided by 7413.
669
Calculate the remainder when 59384164 is divided by 212.
208
What is the remainder when 441491 is divided by 127?
39
What is the remainder when 59829553 is divided by 28?
21
Calculate the remainder when 1854355 is divided by 612.
607
Calculate the remainder when 1649457 is divided by 2088.
2025
What is the remainder when 4828386 is divided by 201182?
18
What is the remainder when 57131 is divided by 1920?
1451
What is the remainder when 5454481 is divided by 68?
65
Calculate the remainder when 653949 is divided by 7.
2
Calculate the remainder when 193585662 is divided by 119.
32
Calculate the remainder when 14406911 is divided by 576.
575
Calculate the remainder when 15209 is divided by 965.
734
What is the remainder when 1327068 is divided by 83?
64
What is the remainder when 7794848 is divided by 113?
108
What is the remainder when 102527 is divided by 20488?
87
Calculate the remainder when 6990314 is divided by 793.
19
Calculate the remainder when 3504998 is divided by 1000.
998
Calculate the remainder when 3557420 is divided by 238.
34
What is the remainder when 1659915 is divided by 30?
15
Calculate the remainder when 2523138 is divided by 253.
222
Calculate the remainder when 59869 is divided by 2958.
709
What is the remainder when 5268553 is divided by 4155?
13
What is the remainder when 342436 is divided by 1245?
61
What is the remainder when 126616 is divided by 126544?
72
Calculate the remainder when 444600 is divided by 88903.
85
Calculate the remainder when 705452 is divided by 3423.
314
Calculate the remainder when 158687082 is divided by 1272.
1266
What is the remainder when 17885948 is divided by 5961977?
17
Calculate the remainder when 3440816 is divided by 956.
172
What is the remainder when 185743 is divided by 61905?
28
What is the remainder when 481279 is divided by 1509?
1417
Calculate the remainder when 25910355 is divided by 709.
659
What is the remainder when 45660 is divided by 10994?
1684
Calculate the remainder when 7246516 is divided by 19.
11
Calculate the remainder when 3837946 is divided by 295.
291
What is the remainder when 9064221 is divided by 14667?
15
What is the remainder when 78166 is divided by 256?
86
Calculate the remainder when 57011470 is divided by 72.
70
What is the remainder when 153685 is divided by 3745?
140
Calculate the remainder when 497028324 is divided by 24.
12
Calculate the remainder when 57608770 is divided by 306.
292
What is the remainder when 242030050 is divided by 2200273?
20
What is the remainder when 456564 is divided by 263?
259
What is the remainder when 21122808 is divided by 23?
22
Calculate the remainder when 9858 is divided by 55.
13
Calculate the remainder when 14558302 is divided by 265.
262
Calculate the remainder when 28255 is divided by 5649.
10
Calculate the remainder when 113762 is divided by 113683.
79
What is the remainder when 11409082 is divided by 17?
8
Calculate the remainder when 466786 is divided by 19449.
10
What is the remainder when 496807125 is divided by 54?
51
What is the remainder when 6928715 is divided by 36087?
11
Calculate the remainder when 12089021 is divided by 195.
191
What is the remainder when 3621263 is divided by 3378?
47
What is the remainder when 6304280 is divided by 868?
864
What is the remainder when 305877212 is divided by 96?
92
Calculate the remainder when 22776 is divided by 214.
92
What is the remainder when 75466476 is divided by 52?
20
Calculate the remainder when 15595 is divided by 102.
91
What is the remainder when 7110901 is divided by 388?
25
Calculate the remainder when 16933002 is divided by 71.
70
Calculate the remainder when 1105004 is divided by 149.
20
Calculate the remainder when 5170461 is divided by 232.
109
Calculate the remainder when 189581 is divided by 1795.
1106
Calculate the remainder when 6454535 is divided by 6454524.
11
What is the remainder when 52611 is divided by 17267?
810
What is the remainder when 9329197 is divided by 1660?
1657
What is the remainder when 1809453 is divided by 66?
63
Calculate the remainder when 25886407 is divided by 127.
124
What is the remainder when 1874413 is divided by 267633?
982
What is the remainder when 40107 is divided by 4429?
246
What is the remainder when 86596489 is divided by 958?
953
What is the remainder when 1839437 is divided by 83610?
17
What is the remainder when 34368239 is divided by 8592058?
7
Calculate the remainder when 1148596 is divided by 382752.
340
Calculate the remainder when 5396416 is divided by 5429.
5419
Calculate the remainder when 1257865 is divided by 52410.
25
Calculate the remainder when 7140994 is divided by 7140936.
58
What is the remainder when 295873854 is divided by 217?
213
What is the remainder when 5983831 is divided by 1196747?
96
What is the remainder when 283652 is divided by 21801?
239
Calculate the remainder when 363812 is divided by 181901.
10
Calculate the remainder when 1305398 is divided by 1377.
2
Calculate the remainder when 1093165 is divided by 805.
780
What is the remainder when 2773886 is divided by 554777?
1
What is the remainder when 825487 is divided by 2680?
47
Calculate the remainder when 8398090 is divided by 289589.
9
What is the remainder when 149219 is divided by 21?
14
Calculate the remainder when 101015 is divided by 25079.
699
What is the remainder when 13667820 is divided by 108?
96
What is the remainder when 73388 is divided by 3178?
294
Calculate the remainder when 26862698 is divided by 1020.
998
Calculate the remainder when 2211338 is divided by 139.
126
Calculate the remainder when 3610945 is divided by 2752.
321
Calculate the remainder when 419290 is divided by 228.
226
What is the remainder when 248578 is divided by 180?
178
Calculate the remainder when 3055316 is divided by 1476.
1472
What is the remainder when 50110 is divided by 583?
555
What is the remainder when 188017 is divided by 93715?
587
What is the remainder when 339642 is divided by 113213?
3
What is the remainder when 185822346 is divided by 28?
10
Calculate the remainder when 1096146 is divided by 14235.
51
What is the remainder when 1535412 is divided by 691?
10
What is the remainder when 486580919 is divided by 20?
19
What is the remainder when 61750 is divided by 1822?
1624
What is the remainder when 175213 is divided by 71?
56
Calculate the remainder when 114109 is divided by 890.
189
What is the remainder when 18381 is divided by 364?
181
What is the remainder when 77367204 is divided by 23